v + 5*h + 38, 4*v - c = -0*v - 2*h. List the prime factors of v.
3
Let x = -48 + 114. List the prime factors of x.
2, 3, 11
Let j(l) = -l**2 - 9*l - 17. Let y be j(-7). List the prime factors of (7 + -4)*(-13)/y.
13
Suppose 4*q - 3*f - 31 = 0, 2*f = q + 6*f - 3. Let b = q + 8. List the prime factors of b.
3, 5
Let l = 11 - 8. Let o = l - 2. List the prime factors of 9 + 0 + -1 + o.
3
Suppose 0 = 3*a - c + 3 + 3, 10 = -a + 3*c. Let o be (a - 1) + -2 + 2. Let h(s) = -3*s**3 - 1. List the prime factors of h(o).
23
Let g(b) be the second derivative of b**3/2 - 3*b**2 + 3*b. Suppose 3*s - 30 = -2*s. What are the prime factors of g(s)?
2, 3
Suppose 8 = x + 3*x. What are the prime factors of x?
2
Suppose 3*m + 31 = -5*n, -n = m - 0*m + 7. What are the prime factors of m/(-2 - 64/(-34))?
17
Let l be (-4 + -5)*1/(-3). Suppose -l*z + 26 = -25. What are the prime factors of z?
17
Suppose 3 = -2*d - 7. List the prime factors of (-48)/(-20) - 3/d.
3
Let t(a) = a**2 + a - 1. Let l(b) = 4*b**2 + 5*b - 7. Let p(j) = l(j) - 3*t(j). List the prime factors of p(-5).
11
Let l(n) = -n**3 + n**2 + n + 8. Let q be l(0). Suppose g - q = 3*g. Let i = 4 - g. What are the prime factors of i?
2
Suppose 5*d - 5 = 5. Suppose 2*c - 4*m - 48 = 0, 3*m - 23 = -2*c + d*m. What are the prime factors of c?
2, 7
Let d(t) = -t**3 - 8*t**2 - t - 4. Let j be d(-8). What are the prime factors of 0/(-1 + -1) + j?
2
Let h(a) = -a - 2. Let w be h(-3). Let g(v) = 11*v - 4. Let z(r) = -11*r + 3. Let t(f) = -2*g(f) - 3*z(f). List the prime factors of t(w).
2, 5
Let y(t) = 12*t - 6. List the prime factors of y(3).
2, 3, 5
Let x(m) = 16*m**2 + 2*m + 1. Let q be x(-1). What are the prime factors of 27/12*80/q?
2, 3
Suppose -18 = -3*n + 21. List the prime factors of n.
13
Suppose -a = 2*z - 2, -2*z + 2*a + 11 - 3 = 0. Suppose -3*k - 4 = -z*f, k + 3*k = -f + 13. What are the prime factors of f?
5
Let f(i) = -i**3 - 4*i**2 + 2*i + 3. Let q be f(-5). Let a = -6 + q. List the prime factors of a.
2, 3
Let h(a) be the first derivative of -a**4/12 - a**3/2 + a**2/2 - 2. Let m(i) be the second derivative of h(i). List the prime factors of m(-6).
3
Let s = 11 - -11. Suppose 2*q = 4*c + 4, 2*q + 2*q = -2*c - s. What are the prime factors of 17 - (2 + c)*2?
19
Suppose -s = -3*o - 11, 5*o = s + 3*s - 23. Let w be s*9/(-6)*-2. Suppose -w*q = -5*q - 6. What are the prime factors of q?
2, 3
Let v = 15 + -8. List the prime factors of 4/(-2)*(-9 + v).
2
Let u(w) = w + 3. Let o = 6 + -9. Let c be u(o). Suppose c = -0*g - g + 5. List the prime factors of g.
5
Let b = 2 + -2. Suppose 3*m - f + 6 = b, -5*m - 3*f + 0*f = 10. List the prime factors of (-7)/((m/(-1))/(-2)).
7
Let b(t) = t**3 + 4*t**2 - 8*t - 7. Let q = -12 + 7. What are the prime factors of b(q)?
2
Let u = 125 + -40. What are the prime factors of u?
5, 17
Suppose -680 = -5*d - z, z - 25 = -4*z. Let u = d + -96. List the prime factors of u.
3, 13
Suppose 0 = -4*z + w + 35, 3*z + 3*w = -w + 50. Let r be 9/15 + 34/z. List the prime factors of (0 - (1 - r))*1.
3
Suppose 0 = 10*u - 0*u - 640. What are the prime factors of u?
2
Let y(j) = -j**3 + 2*j + 6. What are the prime factors of y(-4)?
2, 31
Let y(a) = -2*a**2 + 4*a - 1. Let z be y(5). Let n = 44 + z. What are the prime factors of n?
13
Let s be -4*(-2)/8 + 1. Suppose 2*i = -2*j - 4, 0 = s*j + i + 4*i + 19. List the prime factors of j.
3
Suppose 4*q - x = -0*q + 25, 0 = -3*x - 3. List the prime factors of 2*q + 1 + -3.
2, 5
Let u(r) = 3*r**2 - 11*r - 15. List the prime factors of u(-7).
11, 19
Let f = 28 - 20. Let v = f + 11. Let u = -5 + v. List the prime factors of u.
2, 7
Let s(n) = -13*n**2 + 57*n + 21. Let y(h) = -3*h**2 + 14*h + 5. Let k(m) = 2*s(m) - 9*y(m). List the prime factors of k(13).
2, 5
Suppose -r = -3*r - 4. Let c = 1 + r. List the prime factors of (-6)/(-3) - (c + -6).
3
Suppose -k + x + 70 = 0, -2*x + 250 = k + 3*k. List the prime factors of k.
5, 13
Let a = 25 - 8. What are the prime factors of a?
17
Let z = 22 + 1. List the prime factors of z.
23
Let f = 16 + -11. What are the prime factors of (-4)/(-10) - (-63)/f?
13
Suppose -q + 3*q = 4, 3*j = -5*q + 28. List the prime factors of j.
2, 3
Suppose 3 = -0*b + b. Suppose 5*n + b*y = 2*y + 28, -4*y = -12. Suppose -52 = -4*j + n*h, 2*h + 65 = 5*j + h. What are the prime factors of j?
13
Let w = -4 - -8. What are the prime factors of 40/3 + w/(-12)?
13
Let z(o) = o**3 - 8*o**2 + 9*o - 10. Let v be z(7). Suppose 0*l - 25 = -2*w - l, v*w + l = 45. List the prime factors of w.
2, 5
Suppose -4*r = -3*f + 4, 32 = f + 2*r + 14. Suppose -j = -3*l - 3 - 1, -3*j - f = l. What are the prime factors of l/(((-8)/14)/4)?
2, 7
Suppose 5*w = -0*w + 75. Let x = w - 10. Suppose 12 = x*q - 3. What are the prime factors of q?
3
Let k = -74 + 120. List the prime factors of k.
2, 23
Let h = 9 + -1. Let z be (-27)/(-12) - 2/h. Suppose 0*o = -z*o + 22. What are the prime factors of o?
11
Let q = -7 - -39. What are the prime factors of q?
2
What are the prime factors of 278/14 + 3*5/105?
2, 5
Suppose -62 = 5*d + 78. Let v = d + 49. List the prime factors of v.
3, 7
Let w(z) = z**2 - 15*z + 3. What are the prime factors of w(17)?
37
Suppose -2394 = -9*o - 828. What are the prime factors of o?
2, 3, 29
Let c be 23 + (-3)/(-1 + 4). Suppose -2*b = -92 + c. Suppose -1 - b = -3*m. List the prime factors of m.
2, 3
Let l(b) = b**3 + 9*b**2 - 11*b - 7. Let j be l(-10). What are the prime factors of 3/9 + 11/j?
2
Let n = 32 + 10. List the prime factors of n.
2, 3, 7
Suppose -37 = -y + t, -4*t - 185 = -2*y - 3*y. Suppose -2*v + y = 15. What are the prime factors of v?
11
Suppose 2*h - 10 = 8. Suppose 0 = -2*w + 3 + h. What are the prime factors of w?
2, 3
Let i(g) = g**3 - 5*g**2 + 3*g + 1. Let v be i(4). What are the prime factors of -1 - 2*(v + -7)?
19
Let a = -19 + 29. List the prime factors of a.
2, 5
Suppose 0 = 11*a - 16*a + 10. Suppose o + a*o - 38 = -2*t, 20 = 2*o + 4*t. What are the prime factors of o?
2, 7
Let z(d) = 16*d**2 - d + 1. Let v be z(3). Suppose 0 = -5*b + 3*a + v - 9, 4*b = -2*a + 102. List the prime factors of b.
2, 13
Let h(b) = b + 4. Let z = 0 + 0. Let k be h(z). What are the prime factors of (-2)/(-4) + 30/k?
2
Let y = 5 - 9. Let o = 8 + y. What are the prime factors of o?
2
Suppose -5*b + 2*f + 38 = 0, -18 - 12 = -3*b + 3*f. Suppose 0 = 3*z - b*z. Let m(q) = -q + 12. List the prime factors of m(z).
2, 3
Let t be (-4)/(-2)*10/4. Suppose -t*o + 4*f = -61, -4*o - 4*f + 11 = -9. What are the prime factors of o?
3
Let o = -96 + 139. What are the prime factors of o?
43
Suppose 0*c = -t - c - 3, 0 = 4*t - 3*c - 9. Let m be (-6 - (t - 2))/(-2). Let i = 2 + m. What are the prime factors of i?
2
Let x(b) = -b - 3. Let v be x(-5). Suppose -p = -v*f, p + 16 = 2*p + 2*f. List the prime factors of p.
2
Let t(o) = o**2 - o - 4. Let l be t(5). Let d(i) = -l*i + 4*i + 5 + 10*i**2 - 1 + i**3. List the prime factors of d(-11).
3, 5
Let o(x) = x**3 - 6*x**2 - 7*x + 4. Let l be o(7). Let t = l + 10. List the prime factors of t.
2, 7
Suppose -w + 9 = -0*w. Suppose -w = -2*s - 1. List the prime factors of s.
2
Suppose 6 = -t + 4*t. Suppose 3*k + t*u = u + 42, 0 = -4*u + 12. Let h = k - 7. What are the prime factors of h?
2, 3
Suppose 2*d + 2*w = 36, 5*d - 2*w + 3 = 107. Let l = 39 - d. List the prime factors of l.
19
Let t be -2*1/((-1)/2). Suppose 3*g + 22 = 5*p - 38, 24 = 2*p - 2*g. Suppose t*o = 3*o + p. What are the prime factors of o?
2, 3
Let m(y) = -y**2 + 3*y - 1. Let v be m(1). Suppose v = 3*f - 8. Suppose -57 = -f*q + 3*r + 2*r, -q + 5*r = -19. What are the prime factors of q?
19
Let c = 3 + 0. Suppose y + 2*y + 3*u - 15 = 0, 2*y = -c*u + 11. Suppose y*z - 6 = 2*z. What are the prime factors of z?
3
Let p(n) = 3*n - 8. List the prime factors of p(4).
2
Let o(f) = -11*f - 6. Let m(i) = 5*i + 3. Let p(c) = 5*m(c) + 2*o(c). What are the prime factors of p(7)?
2, 3
Let c(q) = q + 5. Suppose 12 = 2*y - 5*r - 1, -4*y + r = -17. What are the prime factors of c(y)?
3
Let f(u) = -7*u. Let l be f(-2). Suppose 7*k = 5*s + 4*k - l, -3*k = -s - 2. Suppose w = 4 + s. What are the prime factors of w?
2
Suppose -2*p + 52 = -3*v, 4*v - 2 = -2*p - 62. Let z = 1 - v. What are the prime factors of z?
17
Suppose 0*k + k = 13. Let i = 7 - k. Let r(p) = -p - 3. What are t